3)) + -7 - 8.
-15
Calculate -37 - (8 + (-19 - (-2 + -2 + 4))).
-26
5 - (1 + 1 - (-20 + -2 - -8))
-11
What is the value of -3 + (4 - (2 - 4) - 0)?
3
What is the value of (99 - 93) + (1 - 10) + -8?
-11
14 - (-11 + 11 + 12)
2
Evaluate -31 + 46 + (-29 - -40).
26
Evaluate 22 + (-11 - 4) + (-4 - -13).
16
Evaluate 34 + -42 + 32 - 39.
-15
Evaluate 7 - (39 + -23 + 5 + -1).
-13
What is the value of 4 + (-9 - (-6 - 1 - -27)) + -3?
-28
Evaluate (1 - (-20 + 2)) + (-2 - (-2 - -1)).
18
Calculate -6 + (-11 - -14 - (10 + -1)).
-12
Calculate (-50 - 9) + 35 - (2 + (0 - 0)).
-26
-4 + 2 - (-73 - -59)
12
Calculate (1 - 19 - -15) + 13.
10
39 - (27 + -4 + -7)
23
What is the value of -32 - (-19 - -4) - -12?
-5
What is the value of -1 + -3 - (-1 - (-3 + -4))?
-10
Calculate (-3 - -2) + -1 + (9 - -10) + -3.
14
Evaluate -6 + (1 + -1 - -3 - (-35 + 27)).
5
Calculate -41 + (5 - (-14 + 5 + -8 + 13)).
-32
7 - 24 - -57 - 25
15
Evaluate (11 - (1 - -17)) + (-5 - -7).
-5
What is the value of (5 - 11 - -20 - 6) + -4 - 6?
-2
What is the value of 43 + (36 - 74) - 22?
-17
What is the value of (-70 - -5 - -40) + 42?
17
What is the value of (-5 - 10 - 7) + -1 + 12 - 3?
-14
-764 - -744 - (-42 + 2)
20
14 - (2 + -5 - (-38 + 27)) - 15
-9
Calculate 1 + 2 + 0 - (-507 + 496).
14
What is (28 - -14 - 11) + -19?
12
Calculate (-18 - 1) + 0 + (-48 - (-19 + -30)).
-18
What is the value of -28 + (72 - 50) - (1 - -12)?
-19
What is the value of (-13 - 4) + 38 - 14?
7
What is the value of -6 - 11 - -16 - (-8 - 2)?
9
Evaluate (5 - -3) + (-12 - (-13 - -5)) + 11.
15
What is 5 - (0 - (-5 + (-4 - -6)))?
2
Evaluate 13 + (1 - ((6 - 1) + (19 - 23))).
13
What is -9 + -5 + (8 - (15 - 10))?
-11
5 + 0 + 10 + (-14 - (-2 - 9))
12
(-21 + 7 + 15 - (0 - 0)) + 7
8
196 + -175 - (19 - -1)
1
What is 6 - (3 + -10) - 19 - -4?
-2
-6 + -2 - (92 - 91)
-9
Evaluate 6 + -6 + 4 - (7 + -6 + 5).
-2
15 - (23 + (-12 - (15 + -16)))
3
What is the value of -49 - (28 - 71) - -5?
-1
What is -13 - (-3 + 2 + (12 - 29))?
5
24 + -32 + -26 - -25
-9
What is the value of (-5 - ((0 - 9) + 2)) + 1 + 3?
6
Evaluate (-2 - 7) + (-100 - -99).
-10
(-30 - -21) + 9 + -6 + 8
2
Calculate -10 + -3 - -3 - (37 + -44) - 17.
-20
Evaluate 23 + (37 - 36) - (6 + 3).
15
Evaluate -5 + 1 - (-7 + -18 - -20).
1
What is (-30 - -77) + (-27 - -2)?
22
What is (-4 - (13 - 1 - 11)) + 1 + -6?
-10
What is 5 + -4 + -6 + 4 + 12?
11
What is the value of 4 - 0 - (8 - (4 + -9))?
-9
What is the value of -9 - (-7 + (-3 - (10 - 5)))?
6
-12 + -5 + -1 - (49 + -44)
-23
Evaluate -6 + -7 + -4 + 18.
1
What is the value of (0 - -29 - (-35 - (32 + -65))) + -5?
26
18 + (8 + -1 + 2 - 19)
8
(12 - -10) + -99 - -37
-40
What is 15 + -11 - (0 + 3) - 7?
-6
Calculate -13 - -16 - (20 + -2 + -1).
-14
Calculate (19 + -39 - -30) + 2 + -22.
-10
Evaluate -9 + 15 - -14 - 20.
0
What is the value of 5 - (-9 - -24 - 9 - -6)?
-7
What is the value of 10 + -11 + -29 + 20 + 22 + -1?
11
-2 - -15 - (-8 - (-6 + -4 + 5))
16
What is (-58 - ((3 - -6) + -27)) + 2 + 9?
-29
What is 44 + -39 - (5 - -31)?
-31
What is the value of 13 - (20 + -10 + 18)?
-15
Evaluate -11 + 1 + 57 + -14 + -16.
17
What is the value of -7 + 7 + 3 + 1 - 1?
3
What is (10 - (13 + -14)) + 5?
16
What is 15 + 2 + -2 + 256 + -257?
14
Calculate 46 + -25 + (-3 - -5 - 2) + -12.
9
-5 + 11 + 5 + -5 + -6 + 0
0
Calculate 9 + (4 - (3 + -2 - 1)) + 0.
13
What is the value of -7 + (35 - 13) - 3?
12
Calculate 2 - (9 - (9 - (-19 - -10))).
11
What is 1 - (8 + -1 + -49 + 44)?
-1
Calculate -4 + 37 + (-25 - -12).
20
Evaluate -8 - -6 - ((-18 - -5) + (2 - -1)).
8
(-43 - ((5 - 2) + -5)) + -20 + 31
-30
Evaluate -3 + 2 - 7 - (123 - 141).
10
Calculate 0 - 4 - -19 - (1 + (11 - 9)).
12
What is the value of (-1 - -22 - 15) + -6?
0
What is the value of -7 + 39 - (-8 + 12)?
28
Calculate -11 + 11 + 7 - (20 + -1).
-12
What is the value of 17 + 8 - 4 - 17?
4
Calculate -3 - ((20 + -12 - 4) + -27).
20
1 + 2 + (-14 - -5) + (16 - -1)
11
What is 38 - 55 - (-14 + 9)?
-12
What is the value of -1 - 3 - (14 - (-9 + 26))?
-1
Evaluate (1 + 42 - 23) + (-4 - -1).
17
Calculate -38 - (-31 - (-3 - -10)).
0
What is (1 - (-30 - -19)) + (2 - (2 + 2))?
10
Calculate (10 + -20 - -21) + -4 - -10.
17
Calculate -7 + (9 - -3 - (-43 - -46)).
2
What is the value of 4 + (-2 - -2) + -18 + 13 + 11?
10
Evaluate (-33 - -8) + 51 + -30.
-4
Calculate (7 - 16) + (-1 - 2) + (30 - 32).
-14
Evaluate 14 - (21 - -1) - -13.
5
What is the value of -11 - -4 - 14 - (-12 + -6 + 10)?
-13
Evaluate (-12 - (3 - 10)) + -2 + 5 - 9.
-11
Evaluate 1 + (13 - 59) + 17.
-28
What is the value of 27 + (-10 - 31) + 34?
20
What is ((8 - 12) + 7 - 6) + 5?
2
Evaluate -2 + (-12 - (9 - 10)) - (-1 + -6).
-6
What is the value of 14 - (5 - -1) - (9 + 0 + 3)?
-4
What is the value of 13 - (45 - 10) - -29?
7
(3 - 12) + (-101 - -107)
-3
What is -2 + -7 + (-19 + 21 - -20)?
13
Evaluate 22 - ((-22 - -40) + -36 - (0 - 6)).
34
What is 10 - ((15 + 1 - 11) + 0)?
5
What is -9 + 1 + -3 - (-7 - -11)?
-15
Evaluate 5 - (4 + (-1 - -2) + 7).
-7
What is -16 - ((16 - 32) + -8)?
8
What is -16 - (-46 - -23) - -20?
27
What is the value of 13 + -6 - (10 + -15)?
12
Calculate 4 - 22 - (-8 + -8 + 11) - -1.
-12
Calculate (14 - 1) + 3 + (-5 - (10 + -5)).
6
What is -11 - (-5 - (-44 - -24))?
-26
What is the value of (0 - (-3 - -5)) + 5?
3
What is the value of 31 - (-5 - -8 - -10 - (-15 - -21))?
24
Evaluate (55 - 31) + -17 + -2.
5
Calculate 373 - 362 - (2 + -11).
20
Evaluate 4 - -2 - (-3 + -6 - (16 + -20)).
11
What is the value of -39 + 42 - (-6 - 9 - -2)?
16
Evaluate 1 + -15 - (6 + 2 + -4).
-18
What is 4 + -21 + 0 + 4 + -10 + 16?
-7
Calculate 78 + -41 + (-20 - 20).
-3
Calculate (10 - ((-2 - 2) + 9)) + 4.
9
What is the value of -3 - -12 - 6 - 12?
-9
What is 131 + -170 - (-19 + -1)?
-19
(-29 - -14) + 7 - -6
-2
Evaluate (433 - 427) + (2 + 2 - -1).
11
Calculate 14 + 5 - (-2 + 21).
0
(40 - 47 - (0 - -2)) + 9
0
Evaluate -29 + (2 - (8 + -29)).
-6
What is (-43 + 41 - (-9 + -4)) + -19?
-8
Evaluate 0 - -14 - (-48 + 50 + -8).
20
-4 - (2 + (6 - -2 - (23 - 33)))
-24
Calculate -22 + (-35 - -4 - -47).
-6
What is the value of 0 + -1 - (-31 - -28)?
2
What is -79 - (2 + -84 + 40)?
-37
Evaluate 9 - ((14 - 19) + 14) - (-11 + -2).
13
Evaluate 13 - 6 - (-1 + -24 + 5 - -11).
16
What is the value of -3 - (-2 - (-1 + -2)) - (-1 + 4)?
-7
What is the value of (6 - (14 - 2)) + -11 + 5?
-12
What is (-14 - (-9 - 4)) + 4 + 0 + 3?
6
What is the value of 9 + -23 + -7 - (59 + -72)?
-8
What is the value of 22 + -18 - ((0 - -10) + -17 + 13)?
-2
What is (-2 - 4) + (-9 - (-18 - -21))?
-18
12 + -6 + -7 + -2 - 8
-11
Calculate (22 - 52 - -3) + (9 - -1) - 5.
-22
What is -33 - 3 - (14 - 12 - 11)?
-27
10 - ((23 - -12) + -20)
-5
Calculate 19 - (-5 + 5 + 3).
16
78 - 72 - (3 - (-15 - 0))
-12
-10 + (29 - (-9 + 1 - -14))
13
What is (3 - -20) + -21 - 14?
-12
Evaluate -1 - (0 - (1 + -6 + (43 - 38))).
-1
5 - ((-4 - 1) + (9 + -13 - 1))
15
What is -31 + (15 - 2) - (-1 - 1)?
-16
What is the value of -8 + (22 - 15 - (-5 + -1))?
5
What is the value of -62 + 34 + -24 + 28?
-24
Calculate 121 + -113 + 4 + 0.
12
4 + (-2 - 2) + -12 + (9 - -5)
2
Calculate (-27 - (-12 - -6 - -11)) + (-2 - -7).
-27
What is the value of -6 + 1 + (6 - (4 - 7 - -3))?
1
What is 21 + 1 - (-42 - -23 - -28)?
13
Evaluate -13 - 1 - ((3 - 13) + 6 + 3).
-13
2 + (3 + -1 - (9 - (8 + -2)))
1
(-93 - -84) + (5 - (6 + -2))
-8
Calculate 0 + (-1 - (0 - 3) - 4) - -15.
13
What is 233 + -229 + (-16 - 0)?
-12
What is the value of 16 + -29 - (5 + -19 + 6)?
-5
What is the value of -6 + (2 - 4) + 14 - 6?
0
-2 + (-10 - 1) + (254 - 245)
-4
What is (0 - -3) + (0 - 0 - (7 - 1))?
-3
What is 0 - (7 + -2 - -4) - (0 - -1)?
-10
What is the value of -22 + 7 + -3 - (-24 - -15)?
-9
Evaluate -13 + 2 + (-44 - -68).
13
Calculate (-14 - 12) + 30 - -19.
23
What is the value of -20 - (11 + -9) - -13?
-9
Calculate -4 - (-17 - ((3 - 1) + -8)).
7
What is the value of 6 + (8 - (3 + 5 + -6))?
12
Calculate (-9 - -1) + -1 - (630 + -633).
-6
What is the value of (0 - 11 - -11) + 2?
2
What is -24 + 18 + -26 + 30?
-2
What is -3 - ((3 - -36) + -40)?
-2
0 + 2 - 0 - (14 + -8)
-4
What is the value of 1 + 0 - 9 - ((-18 - -13) + 8)?
-11
What is the value of -11 - (-5 + 1 + 8 + 8 - 6)?
-17
Evaluate -4 + (-10 - 10) - (-10 - 1).
-13
Calculate -196 - -207 - (20 + -8).
-1
Evaluate 11 + 8 + (-6 - 12) - -4.
5
What is the value of